{"id":97,"date":"2013-09-18T09:43:15","date_gmt":"2013-09-18T08:43:15","guid":{"rendered":"http:\/\/www.leliseron.com\/?page_id=97"},"modified":"2023-08-31T16:05:26","modified_gmt":"2023-08-31T14:05:26","slug":"contact","status":"publish","type":"page","link":"http:\/\/leliseron.com\/?page_id=97","title":{"rendered":"Contact"},"content":{"rendered":"<p style=\"text-align: center;\" align=\"center\"><strong>Vous pouvez nous contacter en remplissant le formulaire ci-dessous :<\/strong><\/p>\n<p><div id=\"cscf\" class=\"cscfBlock\">\n    <div class=\"cscfMessageSent\" style=\"display:none;\">\n\t\t<h3>\/ \/ \/ \/ \/ Votre message a bien \u00e9t\u00e9 envoy\u00e9 \/ \/ \/ \/<\/h3>\n<p>Merci pour votre message ; nous vous r\u00e9pondrons au plus vite. Cordialement. <\/p>    <\/div>\n    <div class=\"cscfMessageNotSent\" style=\"display:none;\">\n\t\t<p>\n    D\u00e9sol\u00e9, un probl\u00e8me est survenu et votre message n&#039;a pu \u00eatre envoy\u00e9<\/p>\n    <\/div>\n    <div class=\"cscfForm\">\n        <p><\/p>\n\n        <form role=\"form\" id=\"frmCSCF\" name=\"frmCSCF\" method=\"post\">\n\t\t\t<input type=\"hidden\" id=\"cscf_nonce\" name=\"cscf_nonce\" value=\"7adbd02849\" \/><input type=\"hidden\" name=\"_wp_http_referer\" value=\"\/index.php?rest_route=%2Fwp%2Fv2%2Fpages%2F97\" \/>            <input type=\"hidden\" name=\"post-id\" value=\"97\">\n\n\t\t\t\n            <!-- name -->\n            <div class=\"control-group form-group\">\n                <label for=\"cscf_name\">Nom :<\/label>\n\n\n                <div class=\"\">\n\t\t\t\t\t                    <input class=\"form-control input-xlarge\"\n                           data-rule-required=\"true\"\n                           data-msg-required=\"Entrez votre nom\"\n                           type=\"text\" id=\"cscf_name\" name=\"cscf[name]\"\n                           value=\"\"\n                           placeholder=\"Votre nom\"\n                    \/>\n                <\/div>\n                <span for=\"cscf_name\" class=\"help-inline help-block error\"\n                      style=\"display:none;\">\n\n                                    <\/span>\n            <\/div>\n\n\n            <!--email address-->\n            <div class=\"control-group form-group\">\n                <label for=\"cscf_email\">Adresse e-mail :<\/label>\n\n                <div class=\"\">\n\t\t\t\t\t                    <input class=\"form-control input-xlarge\"\n                           data-rule-required=\"true\"\n                           data-rule-email=\"true\"\n                           data-msg-required=\"Entrez votre adresse e-mail\"\n                           data-msg-email=\"Entrez une adresse e-mail valide\"\n                           type=\"email\" id=\"cscf_email\" name=\"cscf[email]\"\n                           value=\"\"\n                           placeholder=\"Votre adresse e-mail\"\n                    \/>\n                <\/div>\n                <span for=\"cscf_email\" class=\"help-inline help-block error\"\n                      style=\"display:none;\">\n                                    <\/span>\n            <\/div>\n\n\t\t\t\n\t\t\t\n\n            <!-- message -->\n            <div class=\"control-group form-group\">\n                <label for=\"cscf_message\">Message :<\/label>\n                <div class=\"\">\n\t\t\t\t\t                    <textarea class=\"form-control input-xlarge\"\n                              data-rule-required=\"true\"\n                              data-msg-required=\"Merci d&#039;entrer un message\"\n                              id=\"cscf_message\" name=\"cscf[message]\" rows=\"10\"\n                              placeholder=\"Votre message\"><\/textarea>\n                <\/div>\n\n                <span for=\"cscf_message\" class=\"help-inline help-block error\"\n                      style=\"display:none;\">\n                                    <\/span>\n            <\/div>\n\n\t\t\t                <!-- email to sender -->\n                <div class=\"control-group form-group\">\n                    <label for=\"cscf_email-sender\">Envoyez-moi une copie:<\/label>\n                    <div class=\"\">\n\t\t\t\t\t\t                        <input  type=\"checkbox\"\n                                                                                                   id=\"cscf_email-sender\"\n                                                                                                   name=\"cscf[email-sender]\">\n                    <\/div>\n                    <span for=\"cscf_email-sender\" class=\"help-inline help-block error\"\n                          style=\"display:none;\">\n                                            <\/span>\n                <\/div>\n\t\t\t\n\n\n\t\t\t\n            <!-- recaptcha -->\n\t\t\t            <input type=\"submit\" id=\"cscf_SubmitButton\" class=\"btn btn-default\"\n                   value=\"Envoyer le message\"\/>\n        <\/form>\n    <\/div>\n<\/div>\n<code><br \/><\/code><\/p>\n<address style=\"padding-center: 30px;\"><em><em><img loading=\"lazy\" decoding=\"async\" class=\"size-full wp-image-373 aligncenter\" src=\"http:\/\/www.leliseron.com\/wp-content\/uploads\/2013\/10\/spacer.gif\" alt=\"spacer\" width=\"10\" height=\"10\" \/>\u00a0* Champs obligatoires. <\/em><\/em>Conform\u00e9ment \u00e0 la loi \u00ab Informatique et Libert\u00e9s \u00bb relative \u00e0 l&rsquo;informatique, aux fichiers et aux libert\u00e9s, vous disposez d&rsquo;un droit d&rsquo;acc\u00e8s, de modification, de rectification et de suppression des donn\u00e9es qui vous concernent.<em><br \/><\/em><\/address>\n<p style=\"text-align: center;\">______________________<\/p>\n<h6 align=\"center\"><strong><img loading=\"lazy\" decoding=\"async\" class=\"aligncenter size-full wp-image-373\" src=\"http:\/\/www.leliseron.com\/wp-content\/uploads\/2013\/10\/spacer.gif\" alt=\"spacer\" width=\"10\" height=\"10\" \/>Association LE LISERON<\/strong><\/h6>\n<p align=\"center\">CHU Jean Minjoz &#8211; b\u00e2timent BLIA,<br \/>2, bd Alexandre Fleming<br \/>25030 Besan\u00e7on Cedex<br \/>09 62 38 78 70<br \/><a href=\"mailto:asso.leliseron@wanadoo.fr\">asso.leliseron@wanadoo.fr<\/a><\/p>\n<p style=\"text-align: left;\" align=\"right\"><img loading=\"lazy\" decoding=\"async\" class=\"aligncenter size-full wp-image-373\" src=\"http:\/\/www.leliseron.com\/wp-content\/uploads\/2013\/10\/spacer.gif\" alt=\"spacer\" width=\"10\" height=\"10\" \/><span style=\"font-family: Verdana;\"><span style=\"font-size: medium;\"><b><span style=\"text-decoration: underline;\">Permanence de l&rsquo;association<\/span> <\/b><b>:<br \/><\/b><\/span><\/span><\/p>\n<ul>\n<li><span style=\"font-family: Verdana;\"><span style=\"font-size: medium;\">Mardi : 9 h \u00e0 12 h ;<\/span><\/span><\/li>\n<\/ul>\n<ul>\n<li><span style=\"font-family: Verdana;\"><span style=\"font-family: Verdana;\"><span style=\"font-size: medium;\">jeudi : 9 h \u00e0 16 h.<br \/><\/span><\/span><\/span><\/li>\n<\/ul>\n\n\n<p><\/p>\n","protected":false},"excerpt":{"rendered":"<p>Vous pouvez nous contacter en remplissant le formulaire ci-dessous : \u00a0* Champs obligatoires. Conform\u00e9ment \u00e0 la loi \u00ab Informatique et Libert\u00e9s \u00bb relative \u00e0 l&rsquo;informatique, aux fichiers et aux libert\u00e9s, vous disposez d&rsquo;un droit d&rsquo;acc\u00e8s, de modification, de rectification et de suppression des donn\u00e9es qui vous concernent. ______________________ Association LE &#8230;<\/p>\n","protected":false},"author":1,"featured_media":0,"parent":0,"menu_order":0,"comment_status":"closed","ping_status":"closed","template":"","meta":{"footnotes":""},"class_list":["post-97","page","type-page","status-publish","hentry","column","threecol"],"_links":{"self":[{"href":"http:\/\/leliseron.com\/index.php?rest_route=\/wp\/v2\/pages\/97","targetHints":{"allow":["GET"]}}],"collection":[{"href":"http:\/\/leliseron.com\/index.php?rest_route=\/wp\/v2\/pages"}],"about":[{"href":"http:\/\/leliseron.com\/index.php?rest_route=\/wp\/v2\/types\/page"}],"author":[{"embeddable":true,"href":"http:\/\/leliseron.com\/index.php?rest_route=\/wp\/v2\/users\/1"}],"replies":[{"embeddable":true,"href":"http:\/\/leliseron.com\/index.php?rest_route=%2Fwp%2Fv2%2Fcomments&post=97"}],"version-history":[{"count":23,"href":"http:\/\/leliseron.com\/index.php?rest_route=\/wp\/v2\/pages\/97\/revisions"}],"predecessor-version":[{"id":4181,"href":"http:\/\/leliseron.com\/index.php?rest_route=\/wp\/v2\/pages\/97\/revisions\/4181"}],"wp:attachment":[{"href":"http:\/\/leliseron.com\/index.php?rest_route=%2Fwp%2Fv2%2Fmedia&parent=97"}],"curies":[{"name":"wp","href":"https:\/\/api.w.org\/{rel}","templated":true}]}}