{"id":172,"date":"2013-10-21T18:38:40","date_gmt":"2013-10-21T17:38:40","guid":{"rendered":"http:\/\/www.leliseron.com\/?page_id=172"},"modified":"2023-08-31T15:59:18","modified_gmt":"2023-08-31T13:59:18","slug":"adhesion","status":"publish","type":"page","link":"http:\/\/leliseron.com\/?page_id=172","title":{"rendered":"Adh\u00e9sion"},"content":{"rendered":"<h4><span style=\"color: #808080;\">T\u00e9l\u00e9charger le bulletin d&rsquo;adh\u00e9sion<\/span><\/h4>\n<p style=\"text-align: center;\"><a title=\"bulletin d'adhesion\" href=\"http:\/\/www.leliseron.com\/wp-content\/uploads\/2019\/06\/Bulletin_Adhesion-Don_LeLiseron.pdf\"><img loading=\"lazy\" decoding=\"async\" class=\"aligncenter\" src=\"http:\/\/www.leliseron.com\/wp-content\/uploads\/2013\/09\/picto_telechargement-150x150.png\" alt=\"T\u00e9l\u00e9chargement\" width=\"40\" height=\"40\" \/><\/a><em>Les dons et adh\u00e9sions \u00e0 l&rsquo;association Le Liseron donnent droit<br \/>\n\u00e0 une r\u00e9duction d&rsquo;imp\u00f4ts \u00e9gale \u00e0 66 % du montant vers\u00e9<br \/>\ndans les limites fix\u00e9es par la loi en vigueur.<br \/>\nUn re\u00e7u fiscal vous sera adress\u00e9.<\/em><\/p>\n<p>L&rsquo;adh\u00e9sion donne aux membres de l&rsquo;association, le droit de vote en assembl\u00e9es ordinaire et extraordinaire. Il est soumis au paiement d&rsquo;une cotisation annuelle de 15 \u20ac \u00e0 l&rsquo;attention de l&rsquo;association Le Liseron.<br \/>\nDans le premier cas, les adh\u00e9rents \u00e9lisent le Conseil d&rsquo;Administration de l&rsquo;association. Ils d\u00e9signent annuellement le commissaire aux comptes.<br \/>\nIls adoptent &#8211; ou refusent &#8211; le rapport moral et de gestion du pr\u00e9sident ainsi que le bilan comptable du tr\u00e9sorier.<br \/>\nIls fixent le montant annuel de la cotisation propos\u00e9 par le Conseil d&rsquo;Administration. En assembl\u00e9e g\u00e9n\u00e9rale extraordinaire, ils peuvent modifier les statuts et prononcer la dissolution de l&rsquo;association.<br \/>\nChaque adh\u00e9rent peut renforcer ses liens avec l&rsquo;association en devenant son \u00ab\u00a0correspondant\u00a0\u00bb local. Il devient alors destinataire des documents \u00e9labor\u00e9s par le conseil d&rsquo;administration.<\/p>\n<p>Les adh\u00e9rents forment l&rsquo;ossature de l&rsquo;association et lui donne du poids dans sa recherche de partenaires et dans ses liens avec les institutions.<\/p>\n<h4><img loading=\"lazy\" decoding=\"async\" class=\"size-full wp-image-1052 aligncenter\" style=\"margin-top: 30px; margin-bottom: 30px;\" src=\"http:\/\/www.leliseron.com\/wp-content\/uploads\/2013\/10\/carre-bleu.gif\" alt=\"separation\" width=\"15\" height=\"15\" \/><\/h4>\n<h4><span style=\"color: #808080;\">Vous pouvez aussi :<\/span><\/h4>\n<ol>\n<li>Faire un don :<br \/>\nAvec le bulletin d&rsquo;adh\u00e9sion, vous avez la possibilit\u00e9 de joindre un don.<br \/>\nN&rsquo;oubliez pas d&rsquo;indiquer sur le bulletin le montant de votre don.<br \/>\nEnvoyer le tout \u00e0 :<br \/>\nAssociation Le LISERON<br \/>\nCHU Jean Minjoz, b\u00e2timent BLIA<br \/>\n3 boulevard Alexandre Fleming<br \/>\n25030 Besan\u00e7on Cedex<\/li>\n<li>Aider l&rsquo;association en donnant du temps ou<br \/>\nen contribuant mat\u00e9riellement \u00e0 son travail ;<\/li>\n<li>Vendre des articles.<br \/>\nPrenez contact avec l&rsquo;association en remplissant<br \/>\nle formulaire dans la partie \u00ab <a href=\"http:\/\/www.leliseron.com\/?page_id=97\">CONTACT<\/a> \u00bb. <a href=\"http:\/\/www.leliseron.com\/?page_id=97\"><img loading=\"lazy\" decoding=\"async\" class=\"aligncenter wp-image-354 size-full\" src=\"http:\/\/www.leliseron.com\/wp-content\/uploads\/2013\/10\/flech-puce.png\" alt=\"\" width=\"20\" height=\"20\" \/><\/a><\/li>\n<\/ol>\n","protected":false},"excerpt":{"rendered":"<p>T\u00e9l\u00e9charger le bulletin d&rsquo;adh\u00e9sion Les dons et adh\u00e9sions \u00e0 l&rsquo;association Le Liseron donnent droit \u00e0 une r\u00e9duction d&rsquo;imp\u00f4ts \u00e9gale \u00e0 66 % du montant vers\u00e9 dans les limites fix\u00e9es par la loi en vigueur. Un re\u00e7u fiscal vous sera adress\u00e9. L&rsquo;adh\u00e9sion donne aux membres de l&rsquo;association, le droit de vote &#8230;<\/p>\n","protected":false},"author":1,"featured_media":0,"parent":56,"menu_order":1,"comment_status":"closed","ping_status":"closed","template":"","meta":{"footnotes":""},"class_list":["post-172","page","type-page","status-publish","hentry","column","threecol"],"_links":{"self":[{"href":"http:\/\/leliseron.com\/index.php?rest_route=\/wp\/v2\/pages\/172","targetHints":{"allow":["GET"]}}],"collection":[{"href":"http:\/\/leliseron.com\/index.php?rest_route=\/wp\/v2\/pages"}],"about":[{"href":"http:\/\/leliseron.com\/index.php?rest_route=\/wp\/v2\/types\/page"}],"author":[{"embeddable":true,"href":"http:\/\/leliseron.com\/index.php?rest_route=\/wp\/v2\/users\/1"}],"replies":[{"embeddable":true,"href":"http:\/\/leliseron.com\/index.php?rest_route=%2Fwp%2Fv2%2Fcomments&post=172"}],"version-history":[{"count":19,"href":"http:\/\/leliseron.com\/index.php?rest_route=\/wp\/v2\/pages\/172\/revisions"}],"predecessor-version":[{"id":4177,"href":"http:\/\/leliseron.com\/index.php?rest_route=\/wp\/v2\/pages\/172\/revisions\/4177"}],"up":[{"embeddable":true,"href":"http:\/\/leliseron.com\/index.php?rest_route=\/wp\/v2\/pages\/56"}],"wp:attachment":[{"href":"http:\/\/leliseron.com\/index.php?rest_route=%2Fwp%2Fv2%2Fmedia&parent=172"}],"curies":[{"name":"wp","href":"https:\/\/api.w.org\/{rel}","templated":true}]}}