{"id":1317,"date":"2014-04-10T08:41:38","date_gmt":"2014-04-10T07:41:38","guid":{"rendered":"http:\/\/www.leliseron.com\/?page_id=1317"},"modified":"2014-04-10T08:46:15","modified_gmt":"2014-04-10T07:46:15","slug":"les-locaux","status":"publish","type":"page","link":"http:\/\/leliseron.com\/?page_id=1317","title":{"rendered":"Les locaux"},"content":{"rendered":"<p>Depuis son \u00e9tablissement dans l&rsquo;H\u00f4pital Jean Minjoz de Besan\u00e7on, l&rsquo;association a am\u00e9nag\u00e9 des locaux pour accueillir les familles de malade et un secr\u00e9tariat pour organiser les actions des diff\u00e9rentes \u00e9quipes.<\/p>\n<h5>\u2022 Le salon des familles en H\u00e9mato Adultes<\/h5>\n<p style=\"text-align: center;\"><a href=\"http:\/\/www.leliseron.com\/wp-content\/uploads\/2014\/04\/Salon-Famille-HematoAdultes.jpg\"> <img loading=\"lazy\" decoding=\"async\" class=\"aligncenter size-medium wp-image-1319\" alt=\"Salon des familles en Hemato Adultes\" src=\"http:\/\/www.leliseron.com\/wp-content\/uploads\/2014\/04\/Salon-Famille-HematoAdultes-300x200.jpg\" width=\"300\" height=\"200\" srcset=\"http:\/\/leliseron.com\/wp-content\/uploads\/2014\/04\/Salon-Famille-HematoAdultes-300x200.jpg 300w, http:\/\/leliseron.com\/wp-content\/uploads\/2014\/04\/Salon-Famille-HematoAdultes-700x466.jpg 700w, http:\/\/leliseron.com\/wp-content\/uploads\/2014\/04\/Salon-Famille-HematoAdultes.jpg 721w\" sizes=\"auto, (max-width: 300px) 100vw, 300px\" \/><\/a><\/p>\n<h5>\u2022 Le salon des familles HOP<\/h5>\n<p style=\"text-align: center;\"><a href=\"http:\/\/www.leliseron.com\/wp-content\/uploads\/2014\/04\/Salon-Famille-HOP.jpg\"><img loading=\"lazy\" decoding=\"async\" class=\"aligncenter size-medium wp-image-1318\" alt=\"Salon des Familles HOP\" src=\"http:\/\/www.leliseron.com\/wp-content\/uploads\/2014\/04\/Salon-Famille-HOP-300x200.jpg\" width=\"300\" height=\"200\" srcset=\"http:\/\/leliseron.com\/wp-content\/uploads\/2014\/04\/Salon-Famille-HOP-300x200.jpg 300w, http:\/\/leliseron.com\/wp-content\/uploads\/2014\/04\/Salon-Famille-HOP-700x466.jpg 700w, http:\/\/leliseron.com\/wp-content\/uploads\/2014\/04\/Salon-Famille-HOP.jpg 705w\" sizes=\"auto, (max-width: 300px) 100vw, 300px\" \/><\/a><\/p>\n<h5>\u2022 Le secr\u00e9tariat<\/h5>\n<p style=\"text-align: center;\"><a href=\"http:\/\/www.leliseron.com\/wp-content\/uploads\/2014\/04\/secretariat.jpg\"><img loading=\"lazy\" decoding=\"async\" class=\"aligncenter size-medium wp-image-1320\" alt=\"Le secretariat\" src=\"http:\/\/www.leliseron.com\/wp-content\/uploads\/2014\/04\/secretariat-300x220.jpg\" width=\"300\" height=\"220\" srcset=\"http:\/\/leliseron.com\/wp-content\/uploads\/2014\/04\/secretariat-300x220.jpg 300w, http:\/\/leliseron.com\/wp-content\/uploads\/2014\/04\/secretariat.jpg 660w\" sizes=\"auto, (max-width: 300px) 100vw, 300px\" \/><\/a><\/p>\n","protected":false},"excerpt":{"rendered":"<p>Depuis son \u00e9tablissement dans l&rsquo;H\u00f4pital Jean Minjoz de Besan\u00e7on, l&rsquo;association a am\u00e9nag\u00e9 des locaux pour accueillir les familles de malade et un secr\u00e9tariat pour organiser les actions des diff\u00e9rentes \u00e9quipes. \u2022 Le salon des familles en H\u00e9mato Adultes \u2022 Le salon des familles HOP \u2022 Le secr\u00e9tariat<\/p>\n","protected":false},"author":1,"featured_media":0,"parent":0,"menu_order":0,"comment_status":"closed","ping_status":"open","template":"","meta":{"footnotes":""},"class_list":["post-1317","page","type-page","status-publish","hentry","column","threecol"],"_links":{"self":[{"href":"http:\/\/leliseron.com\/index.php?rest_route=\/wp\/v2\/pages\/1317","targetHints":{"allow":["GET"]}}],"collection":[{"href":"http:\/\/leliseron.com\/index.php?rest_route=\/wp\/v2\/pages"}],"about":[{"href":"http:\/\/leliseron.com\/index.php?rest_route=\/wp\/v2\/types\/page"}],"author":[{"embeddable":true,"href":"http:\/\/leliseron.com\/index.php?rest_route=\/wp\/v2\/users\/1"}],"replies":[{"embeddable":true,"href":"http:\/\/leliseron.com\/index.php?rest_route=%2Fwp%2Fv2%2Fcomments&post=1317"}],"version-history":[{"count":2,"href":"http:\/\/leliseron.com\/index.php?rest_route=\/wp\/v2\/pages\/1317\/revisions"}],"predecessor-version":[{"id":1323,"href":"http:\/\/leliseron.com\/index.php?rest_route=\/wp\/v2\/pages\/1317\/revisions\/1323"}],"wp:attachment":[{"href":"http:\/\/leliseron.com\/index.php?rest_route=%2Fwp%2Fv2%2Fmedia&parent=1317"}],"curies":[{"name":"wp","href":"https:\/\/api.w.org\/{rel}","templated":true}]}}