{"id":1107,"date":"2014-03-03T15:41:25","date_gmt":"2014-03-03T14:41:25","guid":{"rendered":"http:\/\/www.leliseron.com\/?page_id=1107"},"modified":"2014-03-16T23:46:40","modified_gmt":"2014-03-16T22:46:40","slug":"manifestations-a-lexterieur","status":"publish","type":"page","link":"http:\/\/leliseron.com\/?page_id=1107","title":{"rendered":"Manifestations \u00e0 l\u2019ext\u00e9rieur"},"content":{"rendered":"<ul>\n<li>P\u00eache \u00e0 Osselle + soci\u00e9t\u00e9s de p\u00eaches ;<\/li>\n<li>Canards de bains, animations ludiques ;<\/li>\n<li>Lotos \u00e0 Bucey-les-Gy ,Noidans et Devecey ;<\/li>\n<li>1er janvier : bal \u00e0 Villers-le-lac ;<\/li>\n<li>Au bonheur des enfants aide \u00e0 la vente de v\u00eatements ;<\/li>\n<li>Chamonix\u00a0: voyage d\u00e9tente pour les enfants malades et ex-malades ;<\/li>\n<li>Les trappeurs (vol en avion, etc) ;<\/li>\n<li>Cross de Tavaux ;<\/li>\n<li>Marche des Fins ;<\/li>\n<li>Chorale de Quingey ;<\/li>\n<li>Century 21 (sourire) ;<\/li>\n<li>March\u00e9 de No\u00ebl de Devecey ;<\/li>\n<li>Soir\u00e9e \u00e0 Ornans sous forme de concert ;<\/li>\n<li>Raclette \u00e0 Longeville ;<\/li>\n<li>Concert \u00e0 Montgesoye ;<\/li>\n<li>Commer\u00e7ants de Dampierre sur salon ;<\/li>\n<li>Chants chorale de Haute-Sa\u00f4ne ;<\/li>\n<\/ul>\n<p style=\"text-align: center;\">\u00a0Toutes ces manifestations contribuent \u00e0 r\u00e9colter des fonds.<br \/>\nIls servent \u00e0 financer nos actions aupr\u00e8s des Services H\u00e9mato Enfants, Adultes et Accueil de jour.<\/p>\n<p style=\"text-align: center;\"><img loading=\"lazy\" decoding=\"async\" class=\"aligncenter  wp-image-1052\" alt=\"separation\" src=\"http:\/\/www.leliseron.com\/wp-content\/uploads\/2013\/10\/carre-bleu.gif\" width=\"15\" height=\"15\" \/><\/p>\n<p style=\"text-align: center;\"><a title=\"Actualit\u00e9s des manifestations \u00e0 l'ext\u00e9rieur\" href=\"http:\/\/www.leliseron.com\/?cat=15\">&gt;&gt; Actualit\u00e9s des manifestations \u00e0 l&rsquo;ext\u00e9rieur<\/a><\/p>\n","protected":false},"excerpt":{"rendered":"<p>P\u00eache \u00e0 Osselle + soci\u00e9t\u00e9s de p\u00eaches ; Canards de bains, animations ludiques ; Lotos \u00e0 Bucey-les-Gy ,Noidans et Devecey ; 1er janvier : bal \u00e0 Villers-le-lac ; Au bonheur des enfants aide \u00e0 la vente de v\u00eatements ; Chamonix\u00a0: voyage d\u00e9tente pour les enfants malades et ex-malades ; Les &#8230;<\/p>\n","protected":false},"author":1,"featured_media":0,"parent":20,"menu_order":0,"comment_status":"open","ping_status":"closed","template":"","meta":{"footnotes":""},"class_list":["post-1107","page","type-page","status-publish","hentry","column","threecol"],"_links":{"self":[{"href":"http:\/\/leliseron.com\/index.php?rest_route=\/wp\/v2\/pages\/1107","targetHints":{"allow":["GET"]}}],"collection":[{"href":"http:\/\/leliseron.com\/index.php?rest_route=\/wp\/v2\/pages"}],"about":[{"href":"http:\/\/leliseron.com\/index.php?rest_route=\/wp\/v2\/types\/page"}],"author":[{"embeddable":true,"href":"http:\/\/leliseron.com\/index.php?rest_route=\/wp\/v2\/users\/1"}],"replies":[{"embeddable":true,"href":"http:\/\/leliseron.com\/index.php?rest_route=%2Fwp%2Fv2%2Fcomments&post=1107"}],"version-history":[{"count":5,"href":"http:\/\/leliseron.com\/index.php?rest_route=\/wp\/v2\/pages\/1107\/revisions"}],"predecessor-version":[{"id":1116,"href":"http:\/\/leliseron.com\/index.php?rest_route=\/wp\/v2\/pages\/1107\/revisions\/1116"}],"up":[{"embeddable":true,"href":"http:\/\/leliseron.com\/index.php?rest_route=\/wp\/v2\/pages\/20"}],"wp:attachment":[{"href":"http:\/\/leliseron.com\/index.php?rest_route=%2Fwp%2Fv2%2Fmedia&parent=1107"}],"curies":[{"name":"wp","href":"https:\/\/api.w.org\/{rel}","templated":true}]}}

Manifestations à l’extérieur

<ul>
<li>Pêche à Osselle + sociétés de pêches ;</li>
<li>Canards de bains, animations ludiques ;</li>
<li>Lotos à Bucey-les-Gy ,Noidans et Devecey ;</li>
<li>1er janvier : bal à Villers-le-lac ;</li>
<li>Au bonheur des enfants aide à la vente de vêtements ;</li>
<li>Chamonix : voyage détente pour les enfants malades et ex-malades ;</li>
<li>Les trappeurs (vol en avion, etc) ;</li>
<li>Cross de Tavaux ;</li>
<li>Marche des Fins ;</li>
<li>Chorale de Quingey ;</li>
<li>Century 21 (sourire) ;</li>
<li>Marché de Noël de Devecey ;</li>
<li>Soirée à Ornans sous forme de concert ;</li>
<li>Raclette à Longeville ;</li>
<li>Concert à Montgesoye ;</li>
<li>Commerçants de Dampierre sur salon ;</li>
<li>Chants chorale de Haute-Saône ;</li>
</ul>
<p style="text-align: center;"> Toutes ces manifestations contribuent à récolter des fonds.<br />
Ils servent à financer nos actions auprès des Services Hémato Enfants, Adultes et Accueil de jour.</p>
<p style="text-align: center;"><img loading="lazy" decoding="async" class="aligncenter  wp-image-1052" alt="separation" src="http://www.leliseron.com/wp-content/uploads/2013/10/carre-bleu.gif" width="15" height="15" /></p>
<p style="text-align: center;"><a title="Actualités des manifestations à l'extérieur" href="http://www.leliseron.com/?cat=15">&gt;&gt; Actualités des manifestations à l&rsquo;extérieur</a></p>

<p>Pêche à Osselle + sociétés de pêches ; Canards de bains, animations ludiques ; Lotos à Bucey-les-Gy ,Noidans et Devecey ; 1er janvier : bal à Villers-le-lac ; Au bonheur des enfants aide à la vente de vêtements ; Chamonix : voyage détente pour les enfants malades et ex-malades ; Les &#8230;</p>
